{"id":44,"date":"2018-08-01T17:46:29","date_gmt":"2018-08-01T15:46:29","guid":{"rendered":"http:\/\/www.mmxvi.fr\/?page_id=44"},"modified":"2023-05-17T15:04:33","modified_gmt":"2023-05-17T13:04:33","slug":"formations-media-2","status":"publish","type":"page","link":"https:\/\/www.mmxvi.fr\/index.php\/formations-media-2\/","title":{"rendered":"Formations M\u00e9dia"},"content":{"rendered":"<p>L&rsquo;intervention publique, la prise de parole face \u00e0 une cam\u00e9ra, \u00e0 l&rsquo;improviste, ou dans le cadre d&rsquo;une production, est un <em>exercice absolument artificiel<\/em>, et nul n&rsquo;y est naturellement pr\u00e9par\u00e9.<\/p>\n<p><strong>MMXVI<\/strong> met \u00e0 votre service ses moyens de productions afin de se pr\u00e9parer au mieux \u00e0 cet exercice qu&rsquo;il est courant d&rsquo;appeler le \u201c<em>Media-Training\u201d<\/em>.<\/p>\n\n\n<div class=\"wp-block-group is-layout-constrained\"><div class=\"wp-block-group__inner-container\">\n<div class=\"wp-block-buttons is-content-justification-center is-layout-flex wp-container-1\">\n<div class=\"wp-block-button\"><a class=\"wp-block-button__link has-text-align-center wp-element-button\" href=\"mailto:antoine@mmxvi.fr\">Contactez-nous<\/a><\/div>\n<\/div>\n\n\n\n<div class=\"wp-block-group is-layout-constrained\"><div class=\"wp-block-group__inner-container\"><\/div><\/div>\n<\/div><\/div>\n","protected":false},"excerpt":{"rendered":"<p>L&rsquo;intervention publique, la prise de parole face \u00e0 une cam\u00e9ra, \u00e0 l&rsquo;improviste, ou dans le cadre d&rsquo;une production, est un exercice absolument artificiel, et nul n&rsquo;y est naturellement pr\u00e9par\u00e9. MMXVI met \u00e0 votre service ses moyens de productions afin de se pr\u00e9parer au mieux \u00e0 cet exercice qu&rsquo;il est courant d&rsquo;appeler le \u201cMedia-Training\u201d.<\/p>\n","protected":false},"author":1,"featured_media":0,"parent":0,"menu_order":0,"comment_status":"closed","ping_status":"closed","template":"","meta":[],"_links":{"self":[{"href":"https:\/\/www.mmxvi.fr\/index.php\/wp-json\/wp\/v2\/pages\/44"}],"collection":[{"href":"https:\/\/www.mmxvi.fr\/index.php\/wp-json\/wp\/v2\/pages"}],"about":[{"href":"https:\/\/www.mmxvi.fr\/index.php\/wp-json\/wp\/v2\/types\/page"}],"author":[{"embeddable":true,"href":"https:\/\/www.mmxvi.fr\/index.php\/wp-json\/wp\/v2\/users\/1"}],"replies":[{"embeddable":true,"href":"https:\/\/www.mmxvi.fr\/index.php\/wp-json\/wp\/v2\/comments?post=44"}],"version-history":[{"count":8,"href":"https:\/\/www.mmxvi.fr\/index.php\/wp-json\/wp\/v2\/pages\/44\/revisions"}],"predecessor-version":[{"id":232,"href":"https:\/\/www.mmxvi.fr\/index.php\/wp-json\/wp\/v2\/pages\/44\/revisions\/232"}],"wp:attachment":[{"href":"https:\/\/www.mmxvi.fr\/index.php\/wp-json\/wp\/v2\/media?parent=44"}],"curies":[{"name":"wp","href":"https:\/\/api.w.org\/{rel}","templated":true}]}}